 factors of n?
2
Let p(s) = 1. Let l(m) be the second derivative of -2*m**3/3 - 2*m**2 + 2*m. Let x(k) = l(k) + 3*p(k). List the prime factors of x(-2).
7
Let o be ((-12)/5)/(1/(-5)). List the prime factors of (-18)/o*100/(-6).
5
Let n be (-3)/12 + (-2)/(-8). Let d = n - 0. Suppose 33 = -d*y + 3*y. List the prime factors of y.
11
Let r(s) be the first derivative of -s**3/3 + 11*s**2 - 10*s - 5. List the prime factors of r(19).
47
Let m = -30 - -63. List the prime factors of m.
3, 11
Let d = 23 - 16. Suppose -8 = -r + d. What are the prime factors of r?
3, 5
Let w(q) = -2*q**3 - 9*q**2 - 13*q - 6. List the prime factors of w(-7).
2, 3, 5, 11
Let t(y) = -49*y**3 - y**2 + y + 1. Let h = 8 + -9. What are the prime factors of t(h)?
2, 3
Let f be (-2 + 3)/((-1)/30). Let m be (-144)/f + (-2)/(-10). Suppose -s + 2*s = m. What are the prime factors of s?
5
Suppose 5*n + 7 - 2 = 0, 3*f + 4*n = 29. What are the prime factors of f?
11
Suppose 2*m + 67 = 189. Suppose -m = -x - 2*j, 10*x - 5*x - 245 = 5*j. What are the prime factors of x?
53
What are the prime factors of (52/(-12) - -3)*-3?
2
Let c be 4/(-8) + 66/4. Let h = c + -4. List the prime factors of h.
2, 3
Let i(v) = -2*v**2 - 3*v**2 + 3*v**2 + v**3 - 2. Let o be (1 - 6)*(-6)/10. List the prime factors of i(o).
7
Suppose 4*g - 24 = 24. Suppose -h - 3*h = g. Let c = -1 - h. What are the prime factors of c?
2
Suppose -o + 4 = 2*l, -3*l + 4*l = -4*o - 5. Let x = -5 + 8. List the prime factors of (x/(-1) - o)*-11.
11
Suppose 30 = -5*x + 11*x. Suppose m = x*m - 5*j - 142, 4*m + j = 154. List the prime factors of m.
2, 19
List the prime factors of 3 + (-20)/(1*-4).
2
Let m(h) = -h**3 + 6*h**2 + 7*h. Let o be m(7). List the prime factors of 15 - o - (-8 + 9).
2, 7
Suppose 0 = 5*j - 41 - 84. Let w be (6/10)/(5/j). Suppose -w*y = -s + 16, -2*s - 3*y = 2*s - 19. What are the prime factors of s?
7
Suppose -a = -2*a + 2. Suppose -s + 5*s = -20. What are the prime factors of (a + s/2)*-12?
2, 3
Let h(s) = 4*s**2 + 5*s + 2. List the prime factors of h(-6).
2, 29
Suppose -5*k + 714 + 736 = 0. What are the prime factors of k?
2, 5, 29
Suppose 0 = 4*p - 2*v + 5*v + 12, -3*v - 12 = -3*p. What are the prime factors of 15 - -1*(-2 - p)?
13
Let s(r) = 4*r. Let o be s(-1). Let a = o - -6. Suppose -a*j = -3*l + j + 3, 0 = -l - j + 3. List the prime factors of l.
2
Let k(u) = -u**3 - 4*u**2 + 4*u - 5. Let t be k(-5). Suppose 4*w + 49 = 3*f, t = 2*f + 3*f + 2*w - 125. List the prime factors of f.
23
Let p(s) = s + 4. Let n be p(-6). List the prime factors of (20/8)/(n/(-4)).
5
Let k(b) = -13*b**2 - 22*b**3 + b + 23*b**3 + 11 + 5. What are the prime factors of k(13)?
29
Suppose 5 = -4*l + 17. Suppose -3*a + l*j - 6 = 0, 4*a = 2*j - j + 4. List the prime factors of a.
2
Suppose 5*p - 295 + 50 = 0. List the prime factors of p.
7
Let d(p) = p**3 + 6*p**2 + 4*p + 1. Let s = -11 - -7. What are the prime factors of d(s)?
17
Let k(q) = q. Let t(c) = -c - 3. Let y(b) = -2*k(b) - t(b). Let s be y(3). Suppose -5*j + 50 = -s*j. What are the prime factors of j?
2, 5
Let i(d) = d**2 - 3. Let a be i(0). Let s = a + 2. List the prime factors of 9*(s/1 - -2).
3
Let b(k) = k**3 + 2*k**2 - k. Let t be b(1). Let o be 0/(t/((-2)/(-1))). Suppose 3*c - 3*f - 15 = o, 1 = 2*c + f - 3. List the prime factors of c.
3
Suppose w = -2, -71 + 19 = -a + 3*w. What are the prime factors of a?
2, 23
Suppose 7*a = 2*a + 625. What are the prime factors of a?
5
Let t(w) = w**2 + 9*w + 1. Let k be t(-6). Let z = k - -37. What are the prime factors of z?
2, 5
Let a(x) = 7*x + 87. List the prime factors of a(26).
269
Let k(x) = x**2 - 5*x + 2. Let a be k(4). Let d be (a - (1 + -2))*1. What are the prime factors of d/((-1)/(2 - -1))?
3
Suppose r = o - r - 6, o - 4*r = 4. Let t(v) = -2*v - 1. Let y be t(-3). Suppose -3*c = z - o*c - 38, z + y*c = -12. List the prime factors of z.
13
Suppose -4*f - 2*s - 1 = 3, 0 = 2*f - 3*s - 6. Suppose 4*h + 2*w - 72 = f, -4*h - w + 73 + 1 = 0. What are the prime factors of h?
19
Let j(f) be the second derivative of f**4/12 + 7*f**3/6 - 3*f. What are the prime factors of j(-11)?
2, 11
Suppose -4*x + 0*x = -2*i - 66, 3*i + 54 = 3*x. List the prime factors of x/20 + (-788)/(-16).
2, 5
Suppose 0 = -2*f + s - 1, 0*s = 3*f - 5*s + 5. Suppose 11 = 5*y - 3*u, 2*y - 4*u + 6*u - 14 = f. What are the prime factors of y?
2
Let d = -4 - -4. Suppose x = -d*x + 9. List the prime factors of x.
3
Suppose -2 = z + 14. Let x(a) = -5*a - 3. Let r be x(5). Let d = z - r. What are the prime factors of d?
2, 3
Suppose 0 = h - 3*h + 26. Let t(o) = o**3 - o**2 - 4*o + 3. Let j be t(3). Suppose u = 2*m - h, m + j*u - 4*u = -10. What are the prime factors of m?
5
Let g = -44 + 96. What are the prime factors of g?
2, 13
Suppose -3*p + 240 = -144. What are the prime factors of p?
2
Suppose 0*z = 3*a + 2*z + 78, 5*a + 130 = z. Let m = -3 - a. What are the prime factors of m?
23
What are the prime factors of 196/8 + (-3)/(-6)?
5
Let h(i) = -10*i - 8. Let o(t) = -10*t - 7. Let a(c) = 6*h(c) - 7*o(c). What are the prime factors of a(3)?
31
Suppose h + 98 = -t + 4*t, 3*h = -6. List the prime factors of t.
2
List the prime factors of -40*(5 - (-41)/(-4)).
2, 3, 5, 7
Suppose -2*i - 4*i + 24 = 0. Suppose -2*h = 5*d - 6*h - 46, i*h = -5*d + 54. What are the prime factors of d?
2, 5
Suppose 9*r - 184 = 5*r. Let g = 89 - r. List the prime factors of g.
43
Suppose -5*c + 0*c - 4*q + 45 = 0, 30 = 3*c + 3*q. Let o = c + -15. What are the prime factors of 2/(-2) - (-2 + o)?
11
Suppose 4*m + 98 = -4*q + 3*m, 4*q + 104 = 2*m. What are the prime factors of q/(-2) - 1/2?
2, 3
Let l(a) = a**3 + 9*a**2 + 10*a + 9. What are the prime factors of l(-7)?
37
Let q be 2/3*15/(-1). Let v = 5 + q. Let p(x) = x**2 + 2*x - 3. What are the prime factors of p(v)?
2, 3
Let x(v) = v**2 + 3*v - 57. What are the prime factors of x(7)?
13
Let s = 0 + 2. Let v = 5 - 8. What are the prime factors of s/v - (-23)/3?
7
Suppose 0 = -j - 5*q + 85, -4*j - 3*q + 0*q + 391 = 0. Suppose 14*h = 19*h - 20. Suppose -4*u - 3*t = -j, t - 81 = -h*u + 11. What are the prime factors of u?
2, 11
Let v = -12 + 12. Suppose 0 = -3*b - v*b - 12, 4*i - 136 = -3*b. List the prime factors of i.
37
Let u be (-98)/6 + (-5)/(-15). Let k = 28 + u. What are the prime factors of k?
2, 3
Suppose 5*u + 0*u = 3*i + 10, -3*i = 0. Suppose u*j - 77 + 29 = 0. List the prime factors of j.
2, 3
Let k = 107 - 59. Suppose s - 5*s + k = 0. Let r = 21 - s. What are the prime factors of r?
3
List the prime factors of (-4 - -7)/(-1) + 28.
5
Suppose -5 = 5*p, -94 = -5*n + 5*p - p. List the prime factors of n.
2, 3
Suppose 4*r + 161 = -t, -r = 3*t + 3*r + 451. Let l be t/15 - 2/(-3). List the prime factors of 3*(-39)/l + 2.
3, 5
What are the prime factors of -2 - -112*(-2 - -3)?
2, 5, 11
Suppose 20*o = 24*o - 92. What are the prime factors of o?
23
Suppose -3*q + 90 = 2*q. Suppose 0 = 4*s + 2*j - 12, -4*j - 9 + 23 = 3*s. Suppose s*b - 5*b = -q. What are the prime factors of b?
2, 3
Suppose 9*z - 25 = 4*z. Suppose 3*t - 2*x - x = 63, 111 = z*t + x. List the prime factors of t.
2, 11
Let p = 29 - -68. What are the prime factors of p?
97
Suppose -2*q - 1 = -5*j + 8, 4*j - 9 = q. Let z(m) = 2*m + 3. Let k be z(q). Suppose -k = -5*s + 6. What are the prime factors of s?
3
Let q(f) = -f**3 + 0 - 3*f**2 - 3 + f**2 + 0*f**3. What are the prime factors of q(-3)?
2, 3
Suppose -2*p + s + 8 = -9, 5*s = p - 31. Suppose 1 = n - 3. Suppose 18 - p = n*x. List the prime factors of x.
3
Let u(d) be the first derivative of 3*d**2/2 + d - 2. Let t be u(3). Suppose r = 6*r - t. What are the prime factors of r?
2
Let v(k) be the second derivative of -16*k**3/3 + 2*k. List the prime factors of v(-1).
2
Suppose 5*x = 4*s - 6*s + 21, 3*x - 11 = -2*s. Suppose -x = 2*z - 23. What are the prime factors of z?
3
Let l = 12 + -10. Suppose 2*a + 3*i = -l*i - 11, -3*a + i + 26 = 0. What are the prime factors of a?
7
Suppose 11*w = 3*w + 2560. What are the prime factors of w?
2, 5
Let x = 146 - 41. What are the prime factors of x?
3, 5, 7
Let s be (6/(-9))/((-1)/3). Suppose 26 = 4*a - s*x, -3*a + 4*x = -8*a + 52. Suppose 5*n - a = 42. What are the prime factors of n?
2, 5
Let i be 2/((-27)/(-33) + -1). Let p(w) = -w - 8. List the prime factors of p(i).
3
Suppose -2*k = -3*